{"id":515,"date":"2024-03-12T13:49:59","date_gmt":"2024-03-12T12:49:59","guid":{"rendered":"https:\/\/hkvfczr.cluster029.hosting.ovh.net\/?page_id=515"},"modified":"2024-03-19T16:08:18","modified_gmt":"2024-03-19T15:08:18","slug":"mentions-legales","status":"publish","type":"page","link":"https:\/\/www.woodsdogandpony.be\/index.php\/mentions-legales\/","title":{"rendered":"Mentions l\u00e9gales"},"content":{"rendered":"\t\t<div data-elementor-type=\"wp-page\" data-elementor-id=\"515\" class=\"elementor elementor-515\">\n\t\t\t\t<div class=\"elementor-element elementor-element-1bd7420 e-flex e-con-boxed wpr-particle-no wpr-jarallax-no wpr-parallax-no wpr-sticky-section-no e-con e-parent\" data-id=\"1bd7420\" data-element_type=\"container\" data-core-v316-plus=\"true\">\n\t\t\t\t\t<div class=\"e-con-inner\">\n\t\t\t\t<div class=\"elementor-element elementor-element-237ad3d elementor-widget elementor-widget-heading\" data-id=\"237ad3d\" data-element_type=\"widget\" data-widget_type=\"heading.default\">\n\t\t\t\t<div class=\"elementor-widget-container\">\n\t\t\t<style>\/*! elementor - v3.20.0 - 26-03-2024 *\/\n.elementor-heading-title{padding:0;margin:0;line-height:1}.elementor-widget-heading .elementor-heading-title[class*=elementor-size-]>a{color:inherit;font-size:inherit;line-height:inherit}.elementor-widget-heading .elementor-heading-title.elementor-size-small{font-size:15px}.elementor-widget-heading .elementor-heading-title.elementor-size-medium{font-size:19px}.elementor-widget-heading .elementor-heading-title.elementor-size-large{font-size:29px}.elementor-widget-heading .elementor-heading-title.elementor-size-xl{font-size:39px}.elementor-widget-heading .elementor-heading-title.elementor-size-xxl{font-size:59px}<\/style><h1 class=\"elementor-heading-title elementor-size-default\">Mentions l\u00e9gales<\/h1>\t\t<\/div>\n\t\t\t\t<\/div>\n\t\t\t\t\t<\/div>\n\t\t\t\t<\/div>\n\t\t<div class=\"elementor-element elementor-element-187a3dc e-flex e-con-boxed wpr-particle-no wpr-jarallax-no wpr-parallax-no wpr-sticky-section-no e-con e-parent\" data-id=\"187a3dc\" data-element_type=\"container\" data-core-v316-plus=\"true\">\n\t\t\t\t\t<div class=\"e-con-inner\">\n\t\t\t\t<div class=\"elementor-element elementor-element-a2fa773 elementor-widget elementor-widget-text-editor\" data-id=\"a2fa773\" data-element_type=\"widget\" data-widget_type=\"text-editor.default\">\n\t\t\t\t<div class=\"elementor-widget-container\">\n\t\t\t<style>\/*! elementor - v3.20.0 - 26-03-2024 *\/\n.elementor-widget-text-editor.elementor-drop-cap-view-stacked .elementor-drop-cap{background-color:#69727d;color:#fff}.elementor-widget-text-editor.elementor-drop-cap-view-framed .elementor-drop-cap{color:#69727d;border:3px solid;background-color:transparent}.elementor-widget-text-editor:not(.elementor-drop-cap-view-default) .elementor-drop-cap{margin-top:8px}.elementor-widget-text-editor:not(.elementor-drop-cap-view-default) .elementor-drop-cap-letter{width:1em;height:1em}.elementor-widget-text-editor .elementor-drop-cap{float:left;text-align:center;line-height:1;font-size:50px}.elementor-widget-text-editor .elementor-drop-cap-letter{display:inline-block}<\/style>\t\t\t\t<p>\u00a0<\/p><p dir=\"ltr\" style=\"line-height: 1.38; margin-top: 0pt; margin-bottom: 0pt;\"><span style=\"font-size: 12pt; font-family: Montserrat,sans-serif; color: #000000; background-color: transparent; font-weight: 400; font-style: normal; font-variant: normal; text-decoration: none; vertical-align: baseline; white-space: pre-wrap;\">Responsable du Site : Wood\u2019s Dog &amp; Pony ASBL<\/span><span style=\"font-size: 12pt; font-family: Montserrat,sans-serif; color: #000000; background-color: transparent; font-weight: 400; font-style: normal; font-variant: normal; text-decoration: none; vertical-align: baseline; white-space: pre-wrap;\"><br \/><\/span><span style=\"font-size: 12pt; font-family: Montserrat,sans-serif; color: #000000; background-color: transparent; font-weight: 400; font-style: normal; font-variant: normal; text-decoration: none; vertical-align: baseline; white-space: pre-wrap;\">Adresse : Hameau de Hussompont 41, 1370 Jodoigne<\/span><span style=\"font-size: 12pt; font-family: Montserrat,sans-serif; color: #000000; background-color: transparent; font-weight: 400; font-style: normal; font-variant: normal; text-decoration: none; vertical-align: baseline; white-space: pre-wrap;\"><br \/><\/span><span style=\"font-size: 12pt; font-family: Montserrat,sans-serif; color: #000000; background-color: transparent; font-weight: 400; font-style: normal; font-variant: normal; text-decoration: none; vertical-align: baseline; white-space: pre-wrap;\">Num\u00e9ro d&rsquo;entreprise (BE) : BE 0770 557 013<\/span><span style=\"font-size: 12pt; font-family: Montserrat,sans-serif; color: #000000; background-color: transparent; font-weight: 400; font-style: normal; font-variant: normal; text-decoration: none; vertical-align: baseline; white-space: pre-wrap;\"><br \/><\/span><span style=\"font-size: 12pt; font-family: Montserrat,sans-serif; color: #000000; background-color: transparent; font-weight: 400; font-style: normal; font-variant: normal; text-decoration: none; vertical-align: baseline; white-space: pre-wrap;\">Adresse e-mail : woodsdogandpony@gmail.com<\/span><span style=\"font-size: 12pt; font-family: Montserrat,sans-serif; color: #000000; background-color: transparent; font-weight: 400; font-style: normal; font-variant: normal; text-decoration: none; vertical-align: baseline; white-space: pre-wrap;\"><br \/><\/span><span style=\"font-size: 12pt; font-family: Montserrat,sans-serif; color: #000000; background-color: transparent; font-weight: 400; font-style: normal; font-variant: normal; text-decoration: none; vertical-align: baseline; white-space: pre-wrap;\">Num\u00e9ro de t\u00e9l\u00e9phone : 0471\/13.23.22<\/span><\/p><p><b style=\"font-weight: normal;\">\u00a0<\/b><\/p><h2 dir=\"ltr\" style=\"line-height: 1.38; margin-top: 0pt; margin-bottom: 0pt;\"><span style=\"font-size: 13.999999999999998pt; font-family: Montserrat,sans-serif; color: #000000; background-color: transparent; font-weight: bold; font-style: normal; font-variant: normal; text-decoration: none; vertical-align: baseline; white-space: pre-wrap;\">Propri\u00e9t\u00e9 Intellectuelle<\/span><\/h2><p><b style=\"font-weight: normal;\">\u00a0<\/b><\/p><p dir=\"ltr\" style=\"line-height: 1.38; margin-top: 0pt; margin-bottom: 0pt;\"><span style=\"font-size: 12pt; font-family: Montserrat,sans-serif; color: #000000; background-color: transparent; font-weight: 400; font-style: normal; font-variant: normal; text-decoration: none; vertical-align: baseline; white-space: pre-wrap;\">Tous les contenus pr\u00e9sents sur ce site web, y compris, mais sans s&rsquo;y limiter, le texte, les graphiques, les logos, les images, les clips vid\u00e9o, les animations et les marques de commerce, sont la propri\u00e9t\u00e9 intellectuelle de Wood\u2019s Dog &amp; Pony ASBL ou sont utilis\u00e9s avec la permission de leurs propri\u00e9taires respectifs. Aucun de ces \u00e9l\u00e9ments ne peut \u00eatre reproduit, distribu\u00e9, modifi\u00e9 ou utilis\u00e9 sans une autorisation \u00e9crite de l&rsquo;ASBL.<\/span><\/p><p><b style=\"font-weight: normal;\">\u00a0<\/b><\/p><h2 dir=\"ltr\" style=\"line-height: 1.38; margin-top: 0pt; margin-bottom: 0pt;\"><span style=\"font-size: 13.999999999999998pt; font-family: Montserrat,sans-serif; color: #000000; background-color: transparent; font-weight: bold; font-style: normal; font-variant: normal; text-decoration: none; vertical-align: baseline; white-space: pre-wrap;\">Politique de Confidentialit\u00e9<\/span><\/h2><p><b style=\"font-weight: normal;\">\u00a0<\/b><\/p><p dir=\"ltr\" style=\"line-height: 1.38; margin-top: 0pt; margin-bottom: 0pt;\"><span style=\"font-size: 12pt; font-family: Montserrat,sans-serif; color: #000000; background-color: transparent; font-weight: 400; font-style: normal; font-variant: normal; text-decoration: none; vertical-align: baseline; white-space: pre-wrap;\">Nous respectons la confidentialit\u00e9 de vos informations personnelles. Consultez notre Politique de Confidentialit\u00e9 pour en savoir plus sur la mani\u00e8re dont nous collectons, utilisons et prot\u00e9geons vos donn\u00e9es personnelles.<\/span><\/p><p><b style=\"font-weight: normal;\">\u00a0<\/b><\/p><h2 dir=\"ltr\" style=\"line-height: 1.38; margin-top: 0pt; margin-bottom: 0pt;\"><span style=\"font-size: 13.999999999999998pt; font-family: Montserrat,sans-serif; color: #000000; background-color: transparent; font-weight: bold; font-style: normal; font-variant: normal; text-decoration: none; vertical-align: baseline; white-space: pre-wrap;\">Limitation de Responsabilit\u00e9<\/span><\/h2><p><b style=\"font-weight: normal;\">\u00a0<\/b><\/p><p dir=\"ltr\" style=\"line-height: 1.38; margin-top: 0pt; margin-bottom: 0pt;\"><span style=\"font-size: 12pt; font-family: Montserrat,sans-serif; color: #000000; background-color: transparent; font-weight: 400; font-style: normal; font-variant: normal; text-decoration: none; vertical-align: baseline; white-space: pre-wrap;\">L&rsquo;ASBL Wood\u2019s Dog &amp; Pony met tout en \u0153uvre pour s&rsquo;assurer que les informations pr\u00e9sent\u00e9es sur ce site web sont exactes et \u00e0 jour. Cependant, nous ne pouvons garantir l&rsquo;exactitude, l&rsquo;exhaustivit\u00e9 ou la pertinence de ces informations. L&rsquo;utilisation de ces informations se fait \u00e0 vos risques et p\u00e9rils. L&rsquo;ASBL ne peut \u00eatre tenue responsable de tout dommage ou pr\u00e9judice r\u00e9sultant de l&rsquo;utilisation de ce site web.<\/span><\/p><p><b style=\"font-weight: normal;\"><br \/><br \/><\/b><span style=\"font-size: 13.999999999999998pt; font-family: Montserrat,sans-serif; color: #000000; background-color: transparent; font-weight: bold; font-style: normal; font-variant: normal; text-decoration: none; vertical-align: baseline; white-space: pre-wrap;\">Liens vers des Sites Tiers<\/span><\/p><p dir=\"ltr\" style=\"line-height: 1.38; margin-top: 0pt; margin-bottom: 0pt;\"><span style=\"font-size: 12pt; font-family: Montserrat,sans-serif; color: #000000; background-color: transparent; font-weight: 400; font-style: normal; font-variant: normal; text-decoration: none; vertical-align: baseline; white-space: pre-wrap;\">Ce site web peut contenir des liens vers des sites web de tiers. Ces liens sont fournis \u00e0 des fins d&rsquo;information et de commodit\u00e9. L&rsquo;ASBL Wood\u2019s Dog &amp; Pony n&rsquo;a aucun contr\u00f4le sur le contenu de ces sites web tiers et d\u00e9cline toute responsabilit\u00e9 concernant leur contenu, leur fonctionnement ou leur exactitude.<\/span><\/p><p><b style=\"font-weight: normal;\">\u00a0<\/b><\/p><h2 dir=\"ltr\" style=\"line-height: 1.38; margin-top: 0pt; margin-bottom: 0pt;\"><span style=\"font-size: 13.999999999999998pt; font-family: Montserrat,sans-serif; color: #000000; background-color: transparent; font-weight: bold; font-style: normal; font-variant: normal; text-decoration: none; vertical-align: baseline; white-space: pre-wrap;\">Droits d&rsquo;Auteur<\/span><\/h2><p><b style=\"font-weight: normal;\">\u00a0<\/b><\/p><p dir=\"ltr\" style=\"line-height: 1.38; margin-top: 0pt; margin-bottom: 0pt;\"><span style=\"font-size: 12pt; font-family: Montserrat,sans-serif; color: #000000; background-color: transparent; font-weight: 400; font-style: normal; font-variant: normal; text-decoration: none; vertical-align: baseline; white-space: pre-wrap;\">Tous les droits d&rsquo;auteur et autres droits de propri\u00e9t\u00e9 intellectuelle sur ce site web et son contenu sont la propri\u00e9t\u00e9 de Wood\u2019s Dog &amp; Pony ASBL ou sont inclus avec la permission de leurs propri\u00e9taires respectifs.<\/span><\/p><p><b style=\"font-weight: normal;\">\u00a0<\/b><\/p><h2 dir=\"ltr\" style=\"line-height: 1.38; margin-top: 0pt; margin-bottom: 0pt;\"><span style=\"font-size: 13.999999999999998pt; font-family: Montserrat,sans-serif; color: #000000; background-color: transparent; font-weight: bold; font-style: normal; font-variant: normal; text-decoration: none; vertical-align: baseline; white-space: pre-wrap;\">Contact<\/span><\/h2><p><b style=\"font-weight: normal;\">\u00a0<\/b><\/p><p dir=\"ltr\" style=\"line-height: 1.38; margin-top: 0pt; margin-bottom: 0pt;\"><span style=\"font-size: 12pt; font-family: Montserrat,sans-serif; color: #000000; background-color: transparent; font-weight: 400; font-style: normal; font-variant: normal; text-decoration: none; vertical-align: baseline; white-space: pre-wrap;\">Si vous avez des questions ou des pr\u00e9occupations concernant ces mentions l\u00e9gales, veuillez nous contacter \u00e0 l&rsquo;adresse \u00e9lectronique suivante : <\/span><a style=\"text-decoration: none;\" href=\"mailto:woodsdogandpony@gmail.com\"><span style=\"font-size: 12pt; font-family: Montserrat,sans-serif; color: #1155cc; background-color: transparent; font-weight: 400; font-style: normal; font-variant: normal; text-decoration: underline; -webkit-text-decoration-skip: none; text-decoration-skip-ink: none; vertical-align: baseline; white-space: pre-wrap;\">woodsdogandpony@gmail.com<\/span><\/a><span style=\"font-size: 12pt; font-family: Montserrat,sans-serif; color: #000000; background-color: transparent; font-weight: 400; font-style: normal; font-variant: normal; text-decoration: none; vertical-align: baseline; white-space: pre-wrap;\">.<\/span><\/p><p><b style=\"font-weight: normal;\">\u00a0<\/b><\/p><h2 dir=\"ltr\" style=\"line-height: 1.38; margin-top: 0pt; margin-bottom: 0pt;\"><span style=\"font-size: 13.999999999999998pt; font-family: Montserrat,sans-serif; color: #000000; background-color: transparent; font-weight: bold; font-style: normal; font-variant: normal; text-decoration: none; vertical-align: baseline; white-space: pre-wrap;\">Modifications<\/span><\/h2><p><b style=\"font-weight: normal;\">\u00a0<\/b><\/p><p dir=\"ltr\" style=\"line-height: 1.38; margin-top: 0pt; margin-bottom: 0pt;\"><span style=\"font-size: 12pt; font-family: Montserrat,sans-serif; color: #000000; background-color: transparent; font-weight: 400; font-style: normal; font-variant: normal; text-decoration: none; vertical-align: baseline; white-space: pre-wrap;\">Nous nous r\u00e9servons le droit de modifier ces mentions l\u00e9gales \u00e0 tout moment. Les modifications entreront en vigueur d\u00e8s leur publication sur ce site web.<\/span><\/p><p>\u00a0<\/p><p dir=\"ltr\" style=\"line-height: 1.38; margin-top: 0pt; margin-bottom: 0pt;\"><span style=\"font-size: 12pt; font-family: Montserrat,sans-serif; color: #000000; background-color: transparent; font-weight: 400; font-style: normal; font-variant: normal; text-decoration: none; vertical-align: baseline; white-space: pre-wrap;\">Derni\u00e8re mise \u00e0 jour : [12-03-2024]<\/span><\/p>\t\t\t\t\t\t<\/div>\n\t\t\t\t<\/div>\n\t\t\t\t\t<\/div>\n\t\t\t\t<\/div>\n\t\t\t\t<\/div>\n\t\t","protected":false},"excerpt":{"rendered":"<div class=\"entry-summary\">\nMentions l\u00e9gales \u00a0 Responsable du Site : Wood\u2019s Dog &amp; Pony ASBLAdresse : Hameau de Hussompont 41, 1370 JodoigneNum\u00e9ro d&rsquo;entreprise (BE) : BE 0770 557 013Adresse e-mail : woodsdogandpony@gmail.comNum\u00e9ro de t\u00e9l\u00e9phone : 0471\/13.23.22 \u00a0 Propri\u00e9t\u00e9 Intellectuelle \u00a0 Tous les contenus&hellip;\n<\/div>\n<div class=\"link-more\"><a href=\"https:\/\/www.woodsdogandpony.be\/index.php\/mentions-legales\/\" class=\"more-link\">Continue reading<span class=\"screen-reader-text\"> &ldquo;Mentions l\u00e9gales&rdquo;<\/span>&hellip;<\/a><\/div>\n","protected":false},"author":1,"featured_media":0,"parent":0,"menu_order":0,"comment_status":"closed","ping_status":"closed","template":"templates\/no-intro.php","meta":{"footnotes":""},"yoast_head":"<!-- This site is optimized with the Yoast SEO plugin v22.3 - https:\/\/yoast.com\/wordpress\/plugins\/seo\/ -->\n<title>Mentions l\u00e9gales - Woods Dog &amp; Pony ASBL<\/title>\n<meta name=\"description\" content=\"Consultez les mentions l\u00e9gales de Wood&#039;s Dog &amp; Pony pour conna\u00eetre nos informations juridiques et nos conditions d&#039;utilisation.\" \/>\n<meta name=\"robots\" content=\"index, follow, max-snippet:-1, max-image-preview:large, max-video-preview:-1\" \/>\n<link rel=\"canonical\" href=\"https:\/\/www.woodsdogandpony.be\/index.php\/mentions-legales\/\" \/>\n<meta property=\"og:locale\" content=\"fr_FR\" \/>\n<meta property=\"og:type\" content=\"article\" \/>\n<meta property=\"og:title\" content=\"Mentions l\u00e9gales - Woods Dog &amp; Pony ASBL\" \/>\n<meta property=\"og:description\" content=\"Consultez les mentions l\u00e9gales de Wood&#039;s Dog &amp; Pony pour conna\u00eetre nos informations juridiques et nos conditions d&#039;utilisation.\" \/>\n<meta property=\"og:url\" content=\"https:\/\/www.woodsdogandpony.be\/index.php\/mentions-legales\/\" \/>\n<meta property=\"og:site_name\" content=\"Woods Dog &amp; Pony ASBL\" \/>\n<meta property=\"article:publisher\" content=\"https:\/\/www.facebook.com\/WoodsDogBw\" \/>\n<meta property=\"article:modified_time\" content=\"2024-03-19T15:08:18+00:00\" \/>\n<meta name=\"twitter:card\" content=\"summary_large_image\" \/>\n<meta name=\"twitter:label1\" content=\"Dur\u00e9e de lecture estim\u00e9e\" \/>\n\t<meta name=\"twitter:data1\" content=\"2 minutes\" \/>\n<script type=\"application\/ld+json\" class=\"yoast-schema-graph\">{\"@context\":\"https:\/\/schema.org\",\"@graph\":[{\"@type\":\"WebPage\",\"@id\":\"https:\/\/www.woodsdogandpony.be\/index.php\/mentions-legales\/\",\"url\":\"https:\/\/www.woodsdogandpony.be\/index.php\/mentions-legales\/\",\"name\":\"Mentions l\u00e9gales - Woods Dog &amp; Pony ASBL\",\"isPartOf\":{\"@id\":\"https:\/\/www.woodsdogandpony.be\/#website\"},\"datePublished\":\"2024-03-12T12:49:59+00:00\",\"dateModified\":\"2024-03-19T15:08:18+00:00\",\"description\":\"Consultez les mentions l\u00e9gales de Wood's Dog & Pony pour conna\u00eetre nos informations juridiques et nos conditions d'utilisation.\",\"breadcrumb\":{\"@id\":\"https:\/\/www.woodsdogandpony.be\/index.php\/mentions-legales\/#breadcrumb\"},\"inLanguage\":\"fr-FR\",\"potentialAction\":[{\"@type\":\"ReadAction\",\"target\":[\"https:\/\/www.woodsdogandpony.be\/index.php\/mentions-legales\/\"]}]},{\"@type\":\"BreadcrumbList\",\"@id\":\"https:\/\/www.woodsdogandpony.be\/index.php\/mentions-legales\/#breadcrumb\",\"itemListElement\":[{\"@type\":\"ListItem\",\"position\":1,\"name\":\"Accueil\",\"item\":\"https:\/\/www.woodsdogandpony.be\/\"},{\"@type\":\"ListItem\",\"position\":2,\"name\":\"Mentions l\u00e9gales\"}]},{\"@type\":\"WebSite\",\"@id\":\"https:\/\/www.woodsdogandpony.be\/#website\",\"url\":\"https:\/\/www.woodsdogandpony.be\/\",\"name\":\"Woods Dog & Pony ASBL\",\"description\":\"Woods Dog &amp; Pony : Hippoth\u00e9rapie, cynoth\u00e9rapie, m\u00e9diation animale et stages pour tous, dans le Brabant Wallon.\",\"publisher\":{\"@id\":\"https:\/\/www.woodsdogandpony.be\/#organization\"},\"potentialAction\":[{\"@type\":\"SearchAction\",\"target\":{\"@type\":\"EntryPoint\",\"urlTemplate\":\"https:\/\/www.woodsdogandpony.be\/?s={search_term_string}\"},\"query-input\":\"required name=search_term_string\"}],\"inLanguage\":\"fr-FR\"},{\"@type\":\"Organization\",\"@id\":\"https:\/\/www.woodsdogandpony.be\/#organization\",\"name\":\"Woods Dog & Pony ASBL\",\"url\":\"https:\/\/www.woodsdogandpony.be\/\",\"logo\":{\"@type\":\"ImageObject\",\"inLanguage\":\"fr-FR\",\"@id\":\"https:\/\/www.woodsdogandpony.be\/#\/schema\/logo\/image\/\",\"url\":\"https:\/\/www.woodsdogandpony.be\/wp-content\/uploads\/2024\/03\/logo-princip.png\",\"contentUrl\":\"https:\/\/www.woodsdogandpony.be\/wp-content\/uploads\/2024\/03\/logo-princip.png\",\"width\":3617,\"height\":2926,\"caption\":\"Woods Dog & Pony ASBL\"},\"image\":{\"@id\":\"https:\/\/www.woodsdogandpony.be\/#\/schema\/logo\/image\/\"},\"sameAs\":[\"https:\/\/www.facebook.com\/WoodsDogBw\",\"https:\/\/www.famio.be\/fr\/activity\/135\/detail\/\"]}]}<\/script>\n<!-- \/ Yoast SEO plugin. -->","yoast_head_json":{"title":"Mentions l\u00e9gales - Woods Dog &amp; Pony ASBL","description":"Consultez les mentions l\u00e9gales de Wood's Dog & Pony pour conna\u00eetre nos informations juridiques et nos conditions d'utilisation.","robots":{"index":"index","follow":"follow","max-snippet":"max-snippet:-1","max-image-preview":"max-image-preview:large","max-video-preview":"max-video-preview:-1"},"canonical":"https:\/\/www.woodsdogandpony.be\/index.php\/mentions-legales\/","og_locale":"fr_FR","og_type":"article","og_title":"Mentions l\u00e9gales - Woods Dog &amp; Pony ASBL","og_description":"Consultez les mentions l\u00e9gales de Wood's Dog & Pony pour conna\u00eetre nos informations juridiques et nos conditions d'utilisation.","og_url":"https:\/\/www.woodsdogandpony.be\/index.php\/mentions-legales\/","og_site_name":"Woods Dog &amp; Pony ASBL","article_publisher":"https:\/\/www.facebook.com\/WoodsDogBw","article_modified_time":"2024-03-19T15:08:18+00:00","twitter_card":"summary_large_image","twitter_misc":{"Dur\u00e9e de lecture estim\u00e9e":"2 minutes"},"schema":{"@context":"https:\/\/schema.org","@graph":[{"@type":"WebPage","@id":"https:\/\/www.woodsdogandpony.be\/index.php\/mentions-legales\/","url":"https:\/\/www.woodsdogandpony.be\/index.php\/mentions-legales\/","name":"Mentions l\u00e9gales - Woods Dog &amp; Pony ASBL","isPartOf":{"@id":"https:\/\/www.woodsdogandpony.be\/#website"},"datePublished":"2024-03-12T12:49:59+00:00","dateModified":"2024-03-19T15:08:18+00:00","description":"Consultez les mentions l\u00e9gales de Wood's Dog & Pony pour conna\u00eetre nos informations juridiques et nos conditions d'utilisation.","breadcrumb":{"@id":"https:\/\/www.woodsdogandpony.be\/index.php\/mentions-legales\/#breadcrumb"},"inLanguage":"fr-FR","potentialAction":[{"@type":"ReadAction","target":["https:\/\/www.woodsdogandpony.be\/index.php\/mentions-legales\/"]}]},{"@type":"BreadcrumbList","@id":"https:\/\/www.woodsdogandpony.be\/index.php\/mentions-legales\/#breadcrumb","itemListElement":[{"@type":"ListItem","position":1,"name":"Accueil","item":"https:\/\/www.woodsdogandpony.be\/"},{"@type":"ListItem","position":2,"name":"Mentions l\u00e9gales"}]},{"@type":"WebSite","@id":"https:\/\/www.woodsdogandpony.be\/#website","url":"https:\/\/www.woodsdogandpony.be\/","name":"Woods Dog & Pony ASBL","description":"Woods Dog &amp; Pony : Hippoth\u00e9rapie, cynoth\u00e9rapie, m\u00e9diation animale et stages pour tous, dans le Brabant Wallon.","publisher":{"@id":"https:\/\/www.woodsdogandpony.be\/#organization"},"potentialAction":[{"@type":"SearchAction","target":{"@type":"EntryPoint","urlTemplate":"https:\/\/www.woodsdogandpony.be\/?s={search_term_string}"},"query-input":"required name=search_term_string"}],"inLanguage":"fr-FR"},{"@type":"Organization","@id":"https:\/\/www.woodsdogandpony.be\/#organization","name":"Woods Dog & Pony ASBL","url":"https:\/\/www.woodsdogandpony.be\/","logo":{"@type":"ImageObject","inLanguage":"fr-FR","@id":"https:\/\/www.woodsdogandpony.be\/#\/schema\/logo\/image\/","url":"https:\/\/www.woodsdogandpony.be\/wp-content\/uploads\/2024\/03\/logo-princip.png","contentUrl":"https:\/\/www.woodsdogandpony.be\/wp-content\/uploads\/2024\/03\/logo-princip.png","width":3617,"height":2926,"caption":"Woods Dog & Pony ASBL"},"image":{"@id":"https:\/\/www.woodsdogandpony.be\/#\/schema\/logo\/image\/"},"sameAs":["https:\/\/www.facebook.com\/WoodsDogBw","https:\/\/www.famio.be\/fr\/activity\/135\/detail\/"]}]}},"jetpack_sharing_enabled":true,"amp_enabled":false,"_links":{"self":[{"href":"https:\/\/www.woodsdogandpony.be\/index.php\/wp-json\/wp\/v2\/pages\/515"}],"collection":[{"href":"https:\/\/www.woodsdogandpony.be\/index.php\/wp-json\/wp\/v2\/pages"}],"about":[{"href":"https:\/\/www.woodsdogandpony.be\/index.php\/wp-json\/wp\/v2\/types\/page"}],"author":[{"embeddable":true,"href":"https:\/\/www.woodsdogandpony.be\/index.php\/wp-json\/wp\/v2\/users\/1"}],"replies":[{"embeddable":true,"href":"https:\/\/www.woodsdogandpony.be\/index.php\/wp-json\/wp\/v2\/comments?post=515"}],"version-history":[{"count":7,"href":"https:\/\/www.woodsdogandpony.be\/index.php\/wp-json\/wp\/v2\/pages\/515\/revisions"}],"predecessor-version":[{"id":524,"href":"https:\/\/www.woodsdogandpony.be\/index.php\/wp-json\/wp\/v2\/pages\/515\/revisions\/524"}],"wp:attachment":[{"href":"https:\/\/www.woodsdogandpony.be\/index.php\/wp-json\/wp\/v2\/media?parent=515"}],"curies":[{"name":"wp","href":"https:\/\/api.w.org\/{rel}","templated":true}]}}